*x - 5*w = v*x + 20, -4*w = x + 7. List the prime factors of x.
5
Suppose -2*w + 2*y - 4 = 0, w + 0*w + 2*y = 7. Suppose 3*o + 5*u - 8 = 0, -4*u - 5 = -4*o - 5*u. What are the prime factors of (1/w)/(o/9)?
3
Suppose 7 + 118 = 5*x. List the prime factors of x.
5
Let y be ((-10)/(-4))/((-5)/30). List the prime factors of (-1 - -2) + 2 - y.
2, 3
Let q(u) = u**2 + 2*u - 2. Suppose 4*t + 11 = -1. Let a be q(t). What are the prime factors of (-3)/(7/(-4) + a)?
2
Let d be (12 - 14)/(2/(-4)). Suppose -d*g + g = -45. List the prime factors of g.
3, 5
Let j(x) be the third derivative of x**5/30 - x**4/12 - x**3/2 + 3*x**2. List the prime factors of j(3).
3
What are the prime factors of (-4)/18 - 29551/(-261)?
113
Let g(u) = -u**2 + 19*u - 37. What are the prime factors of g(8)?
3, 17
Let z = -97 - -169. List the prime factors of z.
2, 3
Let c = 159 + -94. List the prime factors of c.
5, 13
Let p(k) = k**2 - 7*k - 6. Let t be p(7). Let v(h) = h**2 + 4*h - 4. List the prime factors of v(t).
2
Suppose -6*s - 4*c + 19 = -s, -s = -c - 2. Suppose s*r - 2 = -8. What are the prime factors of 24*(-1 - 3/r)?
2, 3
Suppose -55 = 13*d - 18*d. List the prime factors of d.
11
Let j = 3 + -3. Suppose j = 4*t + x - 8, 5*t - 4*x - x = 10. List the prime factors of t.
2
What are the prime factors of ((-38)/4)/((-1)/4)?
2, 19
Let d = -29 - -71. What are the prime factors of d?
2, 3, 7
What are the prime factors of (-400)/(-6) - (-5)/15?
67
Let d(z) = -32*z - 3. What are the prime factors of d(-4)?
5
Suppose -8*n = -3*n - 125. Suppose 0*v + n = 5*v. List the prime factors of v.
5
Let z = -154 - -156. List the prime factors of z.
2
Suppose -8 = -3*k - 2*l, 20 = k + 3*l + 2*l. Suppose 0*x - x - 1 = 0. What are the prime factors of 5 + (2 + k)*x?
3
What are the prime factors of ((-216)/(-10))/(16/200)?
2, 3, 5
Let t(n) = -n**2 - 3*n. Let w be t(-3). Let p be -6 + (1 + -2)*w. List the prime factors of (-40)/(-6) - 2/p.
7
Suppose -3*g + x + 0*x = -6, 0 = 4*g + x - 8. What are the prime factors of ((-26)/g)/(-3 + 2)?
13
Suppose 0 = -4*b - 4*b + 1752. What are the prime factors of b?
3, 73
Let d = 93 + -44. List the prime factors of d.
7
Suppose -u - 5*p = -5, u - 3*p + 3 = -0. Suppose u*z = 5*y + 2*z, 19 = 2*y - 3*z. Suppose -m - y + 8 = 0. What are the prime factors of m?
2, 3
Suppose -i = -5*i - 180. Let r = i - -100. Suppose 2*f = -3*f + r. What are the prime factors of f?
11
Let k(d) = 7*d**2 + d - 1. What are the prime factors of k(2)?
29
Let y = -36 + 64. What are the prime factors of y?
2, 7
Let y be (-3)/(3 + 6)*-12. What are the prime factors of 132/8 - 2/y?
2
Let k(m) = -m + 7. Let t be k(7). Suppose 3*l - 4*l + 2 = t. What are the prime factors of l?
2
Suppose -5*q - 373 = -5*n - 8*q, -2*q + 69 = n. What are the prime factors of n?
7, 11
Suppose i - 5 = -0*i. Let x be 2/3 + (-74)/(-6). Suppose -x = -i*h - 3. List the prime factors of h.
2
Let o(w) = -w + 15. Let u be o(9). Let p = u + -6. What are the prime factors of (p - 0) + 4 + 2?
2, 3
Suppose -5*l = -5*k - 10, l - 5 = -0*l. Suppose k = r - 10. List the prime factors of r.
13
Suppose 2*y + 5 = 5*a, -3*a = -a + 5*y - 31. Suppose -j = 5*k - 22, -7*k + 50 = 2*j - a*k. List the prime factors of j.
3
Suppose 26 = z + n + 2*n, -3*n - 12 = 0. Let u = z - 23. List the prime factors of u.
3, 5
Suppose 0 = -v + 2*y + 26, -v = 3*y - 20 - 21. What are the prime factors of v?
2
Suppose l = -3*l - 32. What are the prime factors of (28/l)/(1/(-6))?
3, 7
Suppose -5*h + 40 = -h. What are the prime factors of h?
2, 5
What are the prime factors of 22 + -3 + 5 - 4?
2, 5
Let r be (1 + 0)/(3/15). Let n(o) = 2 - r + 3 + 1 + 2*o. List the prime factors of n(7).
3, 5
Let b be (45/6)/5*-2. Let f = b + 4. Let g = 10 - f. List the prime factors of g.
3
Let z(l) = -2*l. Let b be z(-1). Suppose -7 = -b*h + 9. What are the prime factors of h?
2
Suppose -2*j + 0*s + 97 = 5*s, -4*s = -j + 16. What are the prime factors of j?
2, 3
Let a(t) = 1 + 8*t**2 + t**2 + t**2 - t**2. Let k be a(-1). What are the prime factors of (12/k)/((-6)/(-40))?
2
Let k be 0/(2 - 1) + 0. Suppose -5*i + 25 = k, -34 = -3*d - 8*i + 3*i. List the prime factors of d.
3
Let l = 2 + 2. Suppose -z + 55 = l*z. What are the prime factors of z?
11
Suppose 2*y = 4 - 2. Let j(k) = 2*k**3 + k. List the prime factors of j(y).
3
Suppose 4 = x - 11. Let f = x - 13. List the prime factors of f.
2
Suppose -8*v + 1553 = -431. What are the prime factors of v?
2, 31
Let j(v) = -v**2 - 11*v - 8. Let d be j(-10). Let g = 5 - d. List the prime factors of g.
3
Suppose -a = 5*l + 4*a - 195, -136 = -4*l + a. Let u = l + 1. List the prime factors of u.
2, 3
Suppose 5*t - 6*t + 4*k - 2 = 0, 2*t - 2*k + 4 = 0. Let v be ((-1)/t)/(3/24). Suppose b + 66 = v*b. What are the prime factors of b?
2, 11
Let h(n) be the third derivative of n**5/15 - n**4/24 + n**3/6 - 2*n**2. List the prime factors of h(1).
2
Suppose 3*p = 23 - 2. Suppose 5 + p = 4*y. Suppose -5*q + y + 41 = h, q = -h + 12. List the prime factors of q.
2
Let h(m) = 141*m - 157*m - 12 + m**2 - 2*m**2. List the prime factors of h(-10).
2, 3
Suppose -3 = 3*c + 3*k, -2*c + 5*k + 9 + 17 = 0. Suppose c*f - 2*u - 93 - 16 = 0, -f + 28 = u. What are the prime factors of f?
3, 11
List the prime factors of ((-918)/8)/9*-28.
3, 7, 17
Let n = 166 - 84. What are the prime factors of n?
2, 41
Let y(z) = -17*z - 6. Let s be y(-4). Let a = s - 37. What are the prime factors of a?
5
Suppose -3*n + 5*n + 18 = 0. List the prime factors of 38/(-8)*(-13 - n).
19
Suppose 0 = -2*k - 6. Let m(x) = x**2 + 5*x - 8. Let a be m(-6). List the prime factors of a/(-4)*(1 - k).
2
Suppose 4*o + o = 105. What are the prime factors of o?
3, 7
Suppose -137 = -3*t + 163. What are the prime factors of t?
2, 5
Suppose -10 = -4*g + 2. Suppose 126 = 3*y + d, -g*d = -y + 69 - 17. List the prime factors of y.
43
Let n = -513 + 820. What are the prime factors of n?
307
Suppose 0 = -3*r - 12, 3*r = 2*p - 161 - 33. List the prime factors of p.
7, 13
Let b(z) = -z**3 + 7*z**2 - 7*z - 2. Let h be b(6). Let r = 14 + h. Let a = r - -6. What are the prime factors of a?
2, 3
Let v = 5 + -1. Suppose x - v*y - 22 = 0, 0*y - y = -3*x + 44. Let g = -3 + x. List the prime factors of g.
11
Let s(d) = -d**3 - 8*d**2 + 6*d - 10. Let f be s(-9). Let o = f - -1. What are the prime factors of o?
2, 3
What are the prime factors of 2/4*172 - 0?
2, 43
Let t = 10 + 8. List the prime factors of t.
2, 3
Suppose -4*k = -5*n + 6, n = k + 2*n - 3. Let v = 1 + k. What are the prime factors of v?
2
Let n be 2/((-8)/52)*-1. Suppose 0 = -n*q + 9*q + 96. List the prime factors of q.
2, 3
Suppose z = 4*m + 2*z - 34, 2*m = z + 20. List the prime factors of m.
3
Suppose -3*y - p - 17 = 0, 2*p + 21 = y - 3*p. Let b(t) = t**2 + 5*t + 1. Let o be b(y). Let c(r) = r**3 + 4*r**2 + 3. List the prime factors of c(o).
2, 3
Suppose 3*o = l - 1 - 0, -5*o = 2*l - 13. Suppose -l*k + 103 = -1. List the prime factors of k.
2, 13
Let g(c) be the first derivative of c**2/2 + 13*c - 7. What are the prime factors of g(7)?
2, 5
Suppose 44 = -5*f + 9*f. List the prime factors of f.
11
Suppose -5*a - 3 - 22 = 0. What are the prime factors of a/(-2 - 0 - -1)?
5
Suppose 0 = -3*y - 3*x + 93, -x - 124 = -4*y - 4*x. List the prime factors of y.
31
Let z = 4 - -1. Let m = z + -2. Suppose 0 = -2*u - 4, 0*c = -3*c - m*u + 12. What are the prime factors of c?
2, 3
Let l(t) = -7*t - 7. List the prime factors of l(-6).
5, 7
Let v be -3*(-8)/12 + 74. List the prime factors of ((-5)/((-5)/v))/2.
2, 19
Let y(a) = a**3 - 4*a**2 + 5. Let c be y(4). Suppose -24 = -c*i + 91. What are the prime factors of i?
23
Suppose -y = -5*y + 296. List the prime factors of y.
2, 37
Suppose -2*o + 15 = o. Suppose 10 = -o*t - 0*t. List the prime factors of (1 + t)*(-12)/2.
2, 3
Let x(z) be the second derivative of -z**5/20 + 5*z**4/12 + 2*z**3/3 - 2*z**2 - 4*z. What are the prime factors of x(5)?
2
Suppose 3*i = -2*i. Suppose i = 5*j - 359 + 89. List the prime factors of j.
2, 3
Let r = 6 + 1. Let y(t) = t**3 - 7*t**2 + 1. Let w be y(r). Let o = 13 + w. What are the prime factors of o?
2, 7
Let u(a) = -a**2 - 10*a - 6. Let g be u(-9). Suppose g*f - 3*t + 2 - 29 = 0, 2*f - 33 = -t. List the prime factors of f.
2, 7
Let k(j) = 2*j. Let a be k(1). Suppose 5 = a*h - h. Suppo